pose 5*x + 4*j = 183, -4*x + 4*j + 32 = -100. What is the remainder when x is divided by 1/4 - 204/(-16)?
9
Let m(y) = -y**2 + 38*y - 74. Suppose -3*p - 8 = l + 2*p, -5*l - 5*p + 40 = 0. Calculate the remainder when m(35) is divided by l.
7
Suppose -h + 55 = -4*k, 15*h + 2*k = 10*h + 275. Calculate the remainder when 105 is divided by h.
50
Let z = -274 + 408. Suppose -5*n - 60 = -35*n. Suppose 4*q - 3*b = q + 96, 4*q + n*b = z. Calculate the remainder when 131 is divided by q.
32
What is the remainder when 430 is divided by (7 + 103)/((-10)/(-10))?
100
What is the remainder when ((-9)/4)/(2/(-8)) - -4 is divided by 8?
5
Let q = -297 + 305. What is the remainder when 29 is divided by q?
5
Let t(r) = -r + 9. Let s be t(-6). Suppose -5*l + 110 = s. Suppose -5 - l = -3*p. What is the remainder when 30 is divided by p?
6
Let q(k) = k**2 + 47*k - 209. Let b = -1 - -19. What is the remainder when q(5) is divided by b?
15
Let s = 583 + -562. Calculate the remainder when 38 is divided by s.
17
Suppose 4*q - 5*q - w + 2160 = 0, 3*q = w + 6496. Suppose q = 12*c - 56. What is the remainder when c is divided by 47?
44
Let x(p) = 4*p + 6. Let g be x(3). Let i = -21 + g. What is the remainder when 24 is divided by 3 - (-4 + 3) - i?
3
Let a(x) = -x**3 + 8*x**2 + 2*x + 8. Let r be a(6). What is the remainder when (-291)/(-4)*r/69 is divided by 25?
22
Let f(v) = -v**2 - 10*v + 6. Let m(l) = -l**3 - l**2 - l + 3. Let i be m(0). Suppose i*j - 18 = 5*j. Calculate the remainder when 72 is divided by f(j).
12
Suppose -6 = -29*j + 27*j. Suppose 5*b - j = b + d, 0 = d - 5. Suppose -4*i = -2*t + 48, b*i - 42 + 2 = -t. What is the remainder when t is divided by 12?
8
Let g(h) = h**2 - 7*h + 1. Let i = 115 + -80. Calculate the remainder when i is divided by g(8).
8
Let r(u) = u**2 + u - 4. Let n = 226 + -376. Calculate the remainder when r(7) is divided by (-12)/5*n/20.
16
Let j(a) = -112*a - 509. Calculate the remainder when j(-6) is divided by 21.
16
Let t = 128 + -40. Suppose 0*f = 2*s - 4*f - t, -4*s = -f - 141. Let w = s + -24. Calculate the remainder when w is divided by 6.
4
Suppose -3*c + 4*c - 1 = 0, -c = -2*m + 23. Let b = -13 + 20. Suppose 0*g + g = b. Calculate the remainder when m is divided by g.
5
Suppose f + 2 = -3*t - 2, 4 = -t - f. Suppose 17*l - 19*l + 22 = t. Calculate the remainder when 73 is divided by l.
7
Let u(a) = -2*a + 45. Calculate the remainder when u(9) is divided by 13.
1
Suppose -l = -2*l - 4*p + 449, -4*l = -4*p - 1716. Calculate the remainder when l is divided by 7.
6
Suppose 4*y - 273 = -3*l, 13*l = 9*l + 5*y + 364. What is the remainder when l is divided by 33?
25
Let t(d) = 9 - d**3 + 14*d**2 - 2*d**2 + 0*d**3. Let v be t(11). Suppose -4*z + v = 5*o, -o = 5*z + 4*o - 165. Calculate the remainder when z is divided by 12.
11
Let h = 43 - 46. Let k = h + 38. Calculate the remainder when k is divided by 18.
17
What is the remainder when 2294 is divided by (-20)/560*-14 + 58/4?
14
Suppose 3920*u - 3909*u = 231. Calculate the remainder when 29 is divided by u.
8
Let i(z) = -z**2 - 7*z + 3. Let v(m) = -2*m - 1. Let y be v(-2). Suppose -7*h = y*h - 40. What is the remainder when i(-6) is divided by h?
1
Suppose -2 = 5*a - 17. What is the remainder when 8 is divided by 8/(8/3) + a?
2
Let h(y) = -y**3 + 4*y**2 + 7*y - 3. Let g be (-2 - -1 - 2) + 0. What is the remainder when 155 is divided by h(g)?
38
Let n(h) = -h**3 - 4*h**2 - 7*h + 1. Let l be n(-2). Suppose -l*y + 264 = 17*y. Calculate the remainder when 15 is divided by y.
4
Suppose -10*b = 6*b + 1456. Let p = b - -126. Calculate the remainder when p is divided by 9.
8
Let j(m) = -2*m - 1. Let s be j(-9). Suppose -7 + s = 2*p. Suppose 7*z - 5*x - 76 = 3*z, -3*z = -3*x - 54. What is the remainder when z is divided by p?
4
Let j(o) = 65*o**3 - 2*o**2 + 8*o - 5. Calculate the remainder when 231 is divided by j(1).
33
Let b be (-486)/(-126) - 2/(-14). Suppose b = 3*y + y. Suppose 28 = 3*v + y. Calculate the remainder when 25 is divided by v.
7
Let q = 268 - 257. What is the remainder when 26 is divided by q?
4
Let l(j) = 20*j**2 + 118*j - 1. Suppose 5*m - 135 - 15 = 0. Calculate the remainder when m is divided by l(-6).
8
Let d(i) = i**2 - 2*i - 5. Suppose -2*r + 4 = -4. What is the remainder when d(5) is divided by r?
2
Suppose 15*y = 12*y + 168. What is the remainder when 165 is divided by y?
53
Suppose -4*p - 27 = -211. Suppose -2*o - 4*f = -p, -5*o + 5*f + 20 + 50 = 0. Let j(z) = z**2 + 3*z - 9. What is the remainder when j(5) is divided by o?
14
Let h(k) = k**3 - 9*k**2 + 9*k + 9. Let w be h(7). Suppose -6*c - 130 = 104. Let l = w - c. Calculate the remainder when 51 is divided by l.
12
Let x = -784 + 794. Suppose -2*m - 3 = 1. Let a(j) = -19*j - 1. What is the remainder when a(m) is divided by x?
7
Let h be (-3)/(12/(-20)) - 1. Suppose 0 = -h*a + a + 15. Suppose -3*u - 4*y = -3*y - 12, 0 = 2*u + a*y - 21. Calculate the remainder when 5 is divided by u.
2
Let n(d) = 2*d**2 - 54*d + 18. Calculate the remainder when 159 is divided by n(27).
15
Let o(p) = -p**3 - 7*p**2 + 7*p - 11. Let v = -1 - 7. Let b be o(v). Calculate the remainder when 71 is divided by 1/1*(-111)/b.
34
Let p = 575 - 475. Calculate the remainder when 298 is divided by p.
98
Let q(p) = -16*p**2 - 28*p + 11*p - 13*p**3 + 17 + 31*p**3 - 17*p**3. What is the remainder when -3 + 36 - (-2)/(-2) is divided by q(17)?
15
Suppose 904 - 1612 = -6*c. What is the remainder when c is divided by (-20)/6*(-1 + -11)?
38
Let c(r) be the second derivative of -4*r + 1/2*r**3 + 9/2*r**2 + 0. What is the remainder when c(5) is divided by 9?
6
Let z = -411 + 600. Let y = z - 114. Calculate the remainder when y is divided by 39.
36
Let h be -12*(-12)/(-45) - 2/(-10). What is the remainder when 30 is divided by (2/h)/((-5)/60)?
6
Let q be 14 + (-2)/(-2) - (19 - 16). Let d = 4 + q. What is the remainder when d is divided by 9?
7
Suppose 3*h + 0 = 3*i + 3, -3*h = -2*i - 8. Suppose -48 = -3*x + 3*c, 4*x - 6*x - c + 47 = 0. Calculate the remainder when x is divided by h.
3
Suppose -109 = -4*w - 17. Calculate the remainder when 33 is divided by w.
10
Suppose -318 = -4*c + 6*k - k, -4*c = k - 330. Let x = c - 46. Calculate the remainder when 143 is divided by x.
35
Let a be (-1565)/15 + 2/(-3). Let m = 62 + a. Let k = m + 95. What is the remainder when k is divided by 19?
14
Suppose -6 + 1 = -j. Let g be 15/(-4) + (-6)/24. Let a(i) = -i**3 - 5*i**2 - 5*i - 1. Calculate the remainder when j is divided by a(g).
2
Suppose 12*l + 2640 = 2748. What is the remainder when 200 is divided by l?
2
Suppose 0 = 3*o - 0*o + 99. Let i = 47 + o. Calculate the remainder when 50 is divided by i - (-4 - -3 - -2).
11
Suppose 4*m = 138 + 202. Let h = m - 45. What is the remainder when h is divided by 23?
17
Suppose -3*d - 29 - 7 = -3*w, 3*w + 4*d = 57. Suppose -4*t + 4 + 12 = 0. What is the remainder when 30 is divided by (0/t - -1) + w?
14
Let a be 26 + 1/(-1) + (2 - 3). Suppose -4*f - a = -8*f. Calculate the remainder when 21 is divided by f.
3
Let o = -15 + 26. Let u = 3 + 0. Suppose -89 = -u*j + 1. What is the remainder when j is divided by o?
8
Suppose 29*g - 7*g = 1298. What is the remainder when 279 is divided by g?
43
Let t(k) = k**3 + 6*k**2 + 5*k + 40. Let v be t(-6). Suppose -2*j + 5*h = -268 - 21, -2*h = v. Calculate the remainder when j is divided by 9.
6
Suppose 5 = 170*z - 165*z. What is the remainder when z is divided by 1?
0
Suppose 0 = 3*f - 13*f + 640. Calculate the remainder when 127 is divided by f.
63
Suppose -3*b + 2*s + 35 = 0, -3*s = -5*b + 9 + 48. What is the remainder when b is divided by -3*(-5)/3 + -2?
0
Let q = 16 - -21. Suppose -j = -1 - 4. Suppose 79 = j*w - 21. Calculate the remainder when q is divided by w.
17
Suppose 6*a + 840 = 14*a. Suppose -6*q + a = -3*q. What is the remainder when 103 is divided by q?
33
Suppose 5*m - 201 = -2*u + 255, 366 = 4*m + 2*u. What is the remainder when m is divided by 38?
14
Calculate the remainder when 63 is divided by 4/(-2)*85/(-5).
29
Let d = 132 - 90. Let z = 56 - d. What is the remainder when 24 is divided by z?
10
Let z(s) be the third derivative of -s**6/120 - 7*s**5/60 - 3*s**4/4 - 13*s**3/6 - 13*s**2. What is the remainder when z(-7) is divided by 39?
35
Let n(a) = a**3 - a - 1. Let l(x) 